{"id":25,"date":"2020-11-23T13:38:09","date_gmt":"2020-11-23T12:38:09","guid":{"rendered":"http:\/\/legodent.be\/?page_id=25"},"modified":"2022-04-03T21:48:05","modified_gmt":"2022-04-03T19:48:05","slug":"contact","status":"publish","type":"page","link":"https:\/\/legodent.be\/index.php\/contact\/","title":{"rendered":"Contact"},"content":{"rendered":"\n<p>Pour toute demande de <strong>rendez-vous<\/strong> <strong>(ou modification)<\/strong>, veuillez contacter notre secr\u00e9tariat au: <span style=\"text-decoration: underline;\">04 368 73 87<\/span><\/p>\n\n\n\n<p>Pour toute <strong>information compl\u00e9mentaire<\/strong> <strong>(sauf rendez-vous)<\/strong>, vous pouvez prendre contact \u00e0 l&rsquo;adresse suivante: <a href=\"mailto:info@legodent.be\">info@legodent.be<\/a><\/p>\n","protected":false},"excerpt":{"rendered":"<p>Pour toute demande de rendez-vous (ou modification), veuillez contacter notre secr\u00e9tariat au: 04 368 73 87 Pour toute information compl\u00e9mentaire (sauf rendez-vous), vous pouvez prendre contact \u00e0 l&rsquo;adresse suivante: info@legodent.be<\/p>\n","protected":false},"author":1,"featured_media":79,"parent":0,"menu_order":0,"comment_status":"closed","ping_status":"closed","template":"","meta":{"footnotes":""},"class_list":["post-25","page","type-page","status-publish","has-post-thumbnail","hentry"],"_links":{"self":[{"href":"https:\/\/legodent.be\/index.php\/wp-json\/wp\/v2\/pages\/25","targetHints":{"allow":["GET"]}}],"collection":[{"href":"https:\/\/legodent.be\/index.php\/wp-json\/wp\/v2\/pages"}],"about":[{"href":"https:\/\/legodent.be\/index.php\/wp-json\/wp\/v2\/types\/page"}],"author":[{"embeddable":true,"href":"https:\/\/legodent.be\/index.php\/wp-json\/wp\/v2\/users\/1"}],"replies":[{"embeddable":true,"href":"https:\/\/legodent.be\/index.php\/wp-json\/wp\/v2\/comments?post=25"}],"version-history":[{"count":7,"href":"https:\/\/legodent.be\/index.php\/wp-json\/wp\/v2\/pages\/25\/revisions"}],"predecessor-version":[{"id":140,"href":"https:\/\/legodent.be\/index.php\/wp-json\/wp\/v2\/pages\/25\/revisions\/140"}],"wp:featuredmedia":[{"embeddable":true,"href":"https:\/\/legodent.be\/index.php\/wp-json\/wp\/v2\/media\/79"}],"wp:attachment":[{"href":"https:\/\/legodent.be\/index.php\/wp-json\/wp\/v2\/media?parent=25"}],"curies":[{"name":"wp","href":"https:\/\/api.w.org\/{rel}","templated":true}]}}