{"id":24,"date":"2020-11-23T13:38:09","date_gmt":"2020-11-23T12:38:09","guid":{"rendered":"http:\/\/legodent.be\/?page_id=24"},"modified":"2022-09-08T21:34:01","modified_gmt":"2022-09-08T19:34:01","slug":"a-propos-de","status":"publish","type":"page","link":"https:\/\/legodent.be\/index.php\/a-propos-de\/","title":{"rendered":"\u00c0 propos de notre cabinet"},"content":{"rendered":"\n<figure class=\"wp-block-image size-large is-style-rounded\"><img loading=\"lazy\" decoding=\"async\" width=\"1024\" height=\"683\" src=\"https:\/\/legodent.be\/wp-content\/uploads\/2022\/09\/LEG_4325-1024x683.jpg\" alt=\"\" class=\"wp-image-174\" srcset=\"https:\/\/legodent.be\/wp-content\/uploads\/2022\/09\/LEG_4325-1024x683.jpg 1024w, https:\/\/legodent.be\/wp-content\/uploads\/2022\/09\/LEG_4325-300x200.jpg 300w, https:\/\/legodent.be\/wp-content\/uploads\/2022\/09\/LEG_4325-768x513.jpg 768w, https:\/\/legodent.be\/wp-content\/uploads\/2022\/09\/LEG_4325-1536x1025.jpg 1536w, https:\/\/legodent.be\/wp-content\/uploads\/2022\/09\/LEG_4325-2048x1367.jpg 2048w\" sizes=\"auto, (max-width: 767px) 89vw, (max-width: 1000px) 54vw, (max-width: 1071px) 543px, 580px\" \/><\/figure>\n\n\n\n<p>Astrid et G\u00e9raldine ont repris ensemble le cabinet de Benoit Goffinet et ont d\u00e9cid\u00e9 de conserver sa structure familiale et \u00e0 taille humaine. Elles y r\u00e9alisent diff\u00e9rents travaux de dentisterie g\u00e9n\u00e9rale avec passion et \u00e9coute du patient. Ceux-ci comprennent notamment:<\/p>\n\n\n\n<ul class=\"wp-block-list\"><li>la proth\u00e8se fixe et amovible<\/li><li>les extractions et la petite chirurgie<\/li><li>la dentisterie conservatrice<\/li><li>nous adorons les enfants et nous occupons \u00e9galement de p\u00e9dodontie g\u00e9n\u00e9rale<\/li><\/ul>\n\n\n\n<p><\/p>\n\n\n\n<p><\/p>\n\n\n\n<figure class=\"wp-block-gallery has-nested-images columns-default is-cropped wp-block-gallery-1 is-layout-flex wp-block-gallery-is-layout-flex\">\n<figure class=\"wp-block-image size-large\"><img loading=\"lazy\" decoding=\"async\" width=\"1024\" height=\"684\" data-id=\"176\" src=\"https:\/\/legodent.be\/wp-content\/uploads\/2022\/09\/LEG_2120-1024x684.jpg\" alt=\"\" class=\"wp-image-176\" srcset=\"https:\/\/legodent.be\/wp-content\/uploads\/2022\/09\/LEG_2120-1024x684.jpg 1024w, https:\/\/legodent.be\/wp-content\/uploads\/2022\/09\/LEG_2120-300x200.jpg 300w, https:\/\/legodent.be\/wp-content\/uploads\/2022\/09\/LEG_2120-768x513.jpg 768w, https:\/\/legodent.be\/wp-content\/uploads\/2022\/09\/LEG_2120-1536x1025.jpg 1536w, https:\/\/legodent.be\/wp-content\/uploads\/2022\/09\/LEG_2120-2048x1367.jpg 2048w\" sizes=\"auto, (max-width: 767px) 89vw, (max-width: 1000px) 54vw, (max-width: 1071px) 543px, 580px\" \/><\/figure>\n\n\n\n<figure class=\"wp-block-image size-large\"><img loading=\"lazy\" decoding=\"async\" width=\"1024\" height=\"684\" data-id=\"180\" src=\"https:\/\/legodent.be\/wp-content\/uploads\/2022\/09\/LEG_2092-1024x684.jpg\" alt=\"\" class=\"wp-image-180\" srcset=\"https:\/\/legodent.be\/wp-content\/uploads\/2022\/09\/LEG_2092-1024x684.jpg 1024w, https:\/\/legodent.be\/wp-content\/uploads\/2022\/09\/LEG_2092-300x200.jpg 300w, https:\/\/legodent.be\/wp-content\/uploads\/2022\/09\/LEG_2092-768x513.jpg 768w, https:\/\/legodent.be\/wp-content\/uploads\/2022\/09\/LEG_2092-1536x1025.jpg 1536w, https:\/\/legodent.be\/wp-content\/uploads\/2022\/09\/LEG_2092-2048x1367.jpg 2048w\" sizes=\"auto, (max-width: 767px) 89vw, (max-width: 1000px) 54vw, (max-width: 1071px) 543px, 580px\" \/><\/figure>\n\n\n\n<figure class=\"wp-block-image size-large\"><img loading=\"lazy\" decoding=\"async\" width=\"1024\" height=\"684\" data-id=\"183\" src=\"https:\/\/legodent.be\/wp-content\/uploads\/2022\/09\/LEG_2093-1-1024x684.jpg\" alt=\"\" class=\"wp-image-183\" srcset=\"https:\/\/legodent.be\/wp-content\/uploads\/2022\/09\/LEG_2093-1-1024x684.jpg 1024w, https:\/\/legodent.be\/wp-content\/uploads\/2022\/09\/LEG_2093-1-300x200.jpg 300w, https:\/\/legodent.be\/wp-content\/uploads\/2022\/09\/LEG_2093-1-768x513.jpg 768w, https:\/\/legodent.be\/wp-content\/uploads\/2022\/09\/LEG_2093-1-1536x1025.jpg 1536w, https:\/\/legodent.be\/wp-content\/uploads\/2022\/09\/LEG_2093-1-2048x1367.jpg 2048w\" sizes=\"auto, (max-width: 767px) 89vw, (max-width: 1000px) 54vw, (max-width: 1071px) 543px, 580px\" \/><\/figure>\n<\/figure>\n","protected":false},"excerpt":{"rendered":"<p>Astrid et G\u00e9raldine ont repris ensemble le cabinet de Benoit Goffinet et ont d\u00e9cid\u00e9 de conserver sa structure familiale et \u00e0 taille humaine. Elles y r\u00e9alisent diff\u00e9rents travaux de dentisterie g\u00e9n\u00e9rale avec passion et \u00e9coute du patient. Ceux-ci comprennent notamment: la proth\u00e8se fixe et amovible les extractions et la petite chirurgie la dentisterie conservatrice nous &hellip; <\/p>\n<p class=\"link-more\"><a href=\"https:\/\/legodent.be\/index.php\/a-propos-de\/\" class=\"more-link\">Continuer la lecture<span class=\"screen-reader-text\"> de &laquo;&nbsp;\u00c0 propos de notre cabinet&nbsp;&raquo;<\/span><\/a><\/p>\n","protected":false},"author":1,"featured_media":64,"parent":0,"menu_order":0,"comment_status":"closed","ping_status":"closed","template":"","meta":{"footnotes":""},"class_list":["post-24","page","type-page","status-publish","has-post-thumbnail","hentry"],"_links":{"self":[{"href":"https:\/\/legodent.be\/index.php\/wp-json\/wp\/v2\/pages\/24","targetHints":{"allow":["GET"]}}],"collection":[{"href":"https:\/\/legodent.be\/index.php\/wp-json\/wp\/v2\/pages"}],"about":[{"href":"https:\/\/legodent.be\/index.php\/wp-json\/wp\/v2\/types\/page"}],"author":[{"embeddable":true,"href":"https:\/\/legodent.be\/index.php\/wp-json\/wp\/v2\/users\/1"}],"replies":[{"embeddable":true,"href":"https:\/\/legodent.be\/index.php\/wp-json\/wp\/v2\/comments?post=24"}],"version-history":[{"count":7,"href":"https:\/\/legodent.be\/index.php\/wp-json\/wp\/v2\/pages\/24\/revisions"}],"predecessor-version":[{"id":184,"href":"https:\/\/legodent.be\/index.php\/wp-json\/wp\/v2\/pages\/24\/revisions\/184"}],"wp:featuredmedia":[{"embeddable":true,"href":"https:\/\/legodent.be\/index.php\/wp-json\/wp\/v2\/media\/64"}],"wp:attachment":[{"href":"https:\/\/legodent.be\/index.php\/wp-json\/wp\/v2\/media?parent=24"}],"curies":[{"name":"wp","href":"https:\/\/api.w.org\/{rel}","templated":true}]}}